{"id":13,"date":"2024-01-08T18:44:55","date_gmt":"2024-01-08T18:44:55","guid":{"rendered":"https:\/\/prisidek.katalikutradicija.lt\/?page_id=13"},"modified":"2024-01-11T19:36:48","modified_gmt":"2024-01-11T19:36:48","slug":"privatumo-politika","status":"publish","type":"page","link":"https:\/\/prisidek.katalikutradicija.lt\/index.php\/privatumo-politika\/","title":{"rendered":"Privatumo politika"},"content":{"rendered":"\n<p><strong>PRIVATUMO POLITIKA<\/strong><\/p>\n\n\n\n<p>1. PAGRINDIN\u0116S S\u0104VOKOS<\/p>\n\n\n\n<p>1.1. Bendrov\u0117 arba Asmens duomen\u0173 valdytojas \u2013 V\u0161\u012e Tradicija, pagal Lietuvos Respublikos \u012fstatymus \u012fsteigta ir veikianti vie\u0161oji \u012fstaiga, kurios juridinio asmens kodas 306219114, buvein\u0117s adresas Mol\u0117t\u0173 g. 3, Levani\u0161kiai, Mol\u0117t\u0173 r.<\/p>\n\n\n\n<p>1.2. Klientas arba Duomen\u0173 subjektas &#8211; fizinis asmuo \u2013 Bendrov\u0117s klientas (tame tarpe tinklapio lankytojai), kurio asmens duomenis renka Bendrov\u0117.<\/p>\n\n\n\n<p>1.3. Paramos rinkimo svetain\u0117 \u2013 Bendrov\u0117s internetin\u0117 svetain\u0117 adresu <a href=\"https:\/\/prisidek.katalikutradicija.lt\">prisidek.katalikutradicija.lt<\/a>.&nbsp;<\/p>\n\n\n\n<p>1.4. Paslaugos \u2013 visos Bendrov\u0117s teikiamos paslaugos.<\/p>\n\n\n\n<p>1.5. Asmens duomenys &#8211; bet kuri informacija, susijusi su fiziniu asmeniu \u2013 Duomen\u0173 subjektu, kurio tapatyb\u0117 yra \u017einoma arba gali b\u016bti tiesiogiai ar netiesiogiai nustatyta pasinaudojant tokiais duomenimis kaip asmens kodas, vienas arba keli asmeniui b\u016bdingi fizinio, fiziologinio, psichologinio, ekonominio, kult\u016brinio ar socialinio pob\u016bd\u017eio po\u017eymiai.<\/p>\n\n\n\n<p>1.6. Asmens duomen\u0173 tvarkymas &#8211; bet kuris su asmens duomenimis atliekamas veiksmas: rinkimas, u\u017era\u0161ymas, kaupimas, saugojimas, klasifikavimas, grupavimas, jungimas, keitimas (papildymas ar taisymas), teikimas, paskelbimas, naudojimas, login\u0117s ir (arba) aritmetin\u0117s operacijos, paie\u0161ka, skleidimas, naikinimas ar kitoks veiksmas arba veiksm\u0173 rinkinys.<\/p>\n\n\n\n<p>1.7. Partneris \u2013 juridinis asmuo, teikiantis paslaugas Bendrovei, susijusias su Bendrov\u0117s vykdoma veikla, arba parduodantis jai prekes, arba vykdantis su Bendrove bendrus projektus, \u012fskaitant, bet neapsiribojant, rinkodaros akcijas, bendras pardavim\u0173 kampanijas, lojalumo programas, ir kt., \u017einiasklaidos priemon\u0117se, internetiniuose puslapiuose, Elektronin\u0117je parduotuv\u0117je, ma\u017emenin\u0117s prekybos parduotuv\u0117se, prekybos tinkluose, ir kt.<\/p>\n\n\n\n<p>1.8. Slapukas (angl. cookie) \u2013 nedidel\u0117 tekstin\u0117s informacijos dalel\u0117, kuri automati\u0161kai sukuriama nar\u0161ant tinklapyje ir yra saugoma lankytojo kompiuteryje ar kitame \u012frenginyje.<\/p>\n\n\n\n<p>1.9. Tiesiogin\u0117 rinkodara \u2013 veikla, skirta pa\u0161tu, telefonu arba kitokiu tiesioginiu b\u016bdu si\u016blyti asmenims prekes ar paslaugas ir (arba) teirautis j\u0173 nuomon\u0117s d\u0117l si\u016blom\u0173 preki\u0173 ar paslaug\u0173.<\/p>\n\n\n\n<p>1.10. Privatumo politika \u2013 rei\u0161kia \u0161\u012f dokument\u0105, nustatant\u012f Asmens duomen\u0173 tvarkymo principus bei taisykles, naudojantis paramos rinkimo svetain\u0117s paslaugomis.<\/p>\n\n\n\n<p>1.11. Paskyra \u2013 pagrindiniai Kliento prisijungimo prie paramos rinkimo svetain\u0117s duomenys, kuriuos sudaro vienas elektroninio pa\u0161to adresas ir Slapta\u017eodis.<\/p>\n\n\n\n<p>1.12. Slapta\u017eodis \u2013 tai Kliento sukurta unikali skai\u010di\u0173, raid\u017ei\u0173, arba skai\u010di\u0173 ir raid\u017ei\u0173 arba kit\u0173 simboli\u0173 kombinacija, kuri\u0105 suvedus galima prisijungti prie paramos rinkimo svetain\u0117s.<\/p>\n\n\n\n<p><strong>2. BENDROSIOS NUOSTATOS<\/strong><\/p>\n\n\n\n<p>2.1. Klientas suteikia teis\u0119 Bendrovei atlikti visus Asmens duomen\u0173 tvarkymo veiksmus \u0161ioje Privatumo politikoje numatyta apimtimi ir tikslais.&nbsp;<\/p>\n\n\n\n<p>2.2. Asmens duomenis tvarkomi vadovaujantis Lietuvos Respublikos Asmens duomen\u0173 teisin\u0117s apsaugos \u012fstatymu bei kitais Asmens duomen\u0173 tvarkym\u0105 bei apsaug\u0105 reglamentuojan\u010diais teis\u0117s aktais, \u0161ia Privatumo politika.<\/p>\n\n\n\n<p>2.3. Bendrov\u0117je Asmens duomenys tvarkomi vadovaujantis \u0161iais \u017eemiau nurodytais principais:<\/p>\n\n\n\n<p>2.3.1. Asmens duomenys renkami apibr\u0117\u017etais ir teis\u0117tais tikslais;<\/p>\n\n\n\n<p>2.3..2. Asmens duomenys tvarkomi tiksliai, s\u0105\u017einingai ir teis\u0117tai;&nbsp;<\/p>\n\n\n\n<p>2.3..3. Asmens duomenys yra tinkami ir tik tokios apimties, kuri b\u016btina jiems rinkti ir toliau tvarkyti;<\/p>\n\n\n\n<p>2.3..4. Asmens duomenys nuolat atnaujinami;<\/p>\n\n\n\n<p>2.3.5. Asmens duomenys saugomi tokia forma, kad Duomen\u0173 subjekto tapatyb\u0119 b\u016bt\u0173 galima nustatyti ne ilgiau, negu to reikia tiems tikslams, d\u0117l kuri\u0173 \u0161ie duomenys buvo surinkti ir tvarkomi.<\/p>\n\n\n\n<p>2.3.6. Visa informacija apie Asmens duomenis yra konfidenciali;<\/p>\n\n\n\n<p>2.3.7. Kliento Asmens duomenys bei asmenin\u0117 informacija nebus naudojama neteis\u0117tais tikslais.<\/p>\n\n\n\n<p>2.4. Laikoma, kad Klientas, teikdamas param\u0105 paramos rinkimo svetain\u0117je perskait\u0117 galiojan\u010dios redakcijos Privatumo politik\u0105 ir su ja sutinka. Jei Klientas nesutinka su kuria nors Privatumo politikos dalimi ar Privatumo politika, tokiu atveju Klientas privalo neskirti paramos pasirinktam projektui.<\/p>\n\n\n\n<p>2.5. Su Privatumo politika galima susipa\u017einti paramos rinkimo svetain\u0117je ir bet kada j\u0105 atsispausdinti. Privatumo politika gali b\u016bti kei\u010diama, pildoma ar atnaujinama Bendrov\u0117s nuo\u017ei\u016bra. Nauja Privatumo politikos redakcija skelbiama paramos rinkimo svetain\u0117je.&nbsp;<\/p>\n\n\n\n<p>2.6. Klientas gali pateikti paramos skyrimo nurodym\u0105 be registracijos, arba per savo Paskyr\u0105 prisiregistravus paramos rinkimo svetain\u0117je.&nbsp;<\/p>\n\n\n\n<p>2.7. Pirmin\u0117s registracijos prie paramos rinkimo svetain\u0117s metu per Paskyr\u0105, Klientas privalo pateikti savo elektroninio pa\u0161to adres\u0105 bei sugalvoti saug\u0173 Slapta\u017eod\u012f, bei pateikti tikslius Asmens duomenis paramos rinkimo svetainei. Klientas atsako u\u017e j\u0173 teisingum\u0105. Suk\u016brus Paskyr\u0105, Klientui suteikiamas identifikavimo kodas.&nbsp;<\/p>\n\n\n\n<p>2.8. Naudodamasis Paslaugomis, Klientas visuomet privalo pateikti tikslius Asmens duomenis paramos rinkimo svetainei ir atsako u\u017e j\u0173 teisingum\u0105.<\/p>\n\n\n\n<p>2.9. Klientas turi teis\u0119 bet kada keisti bei papildyti Asmens duomenis Paskyroje arba kreiptis \u012f paramos rinkimo svetain\u0119 su pra\u0161ymu panaikinti Paskyr\u0105.<\/p>\n\n\n\n<p>2.10. Klientas privalo neatskleisti Slapta\u017eod\u017eio tretiesiems asmenims ir j\u012f saugoti, prie\u0161ingu atveju visa su tuo susijusi atsakomyb\u0117 tenka Klientui.<\/p>\n\n\n\n<p><strong>3. ASMENS DUOMEN\u0172 RINKIMAS, NAUDOJIMAS, KOREGAVIMAS IR SAUGOJIMAS<\/strong><\/p>\n\n\n\n<p>3.1. Bendrov\u0117 gerbia kiekvieno Kliento teis\u0119 \u012f privatum\u0105. Kliento Asmens duomenys (t.y. vardas, pavard\u0117, elektroninio pa\u0161to adresas, telefono numeris, prek\u0117s\/paslaugos pristatymo adresas, am\u017eius\/gimimo metai, prek\u0117s\/paslaugos apmok\u0117jimo duomenys (banko s\u0105skaitos Nr., apmok\u0117jimo b\u016bdas ir pan.), pirkimo istorija, o taip pat, esant Kliento sutikimui, am\u017eius, lytis, gimimo data, gyvenamoji vietov\u0117) renkami ir tvarkomi \u0161iais tikslais:<\/p>\n\n\n\n<p>3.1.1. Galimyb\u0117s susisiekti su Klientu ir pa\u0161tu atsi\u0173sti jam pad\u0117kos dovan\u0105 tikslu. Tvarkomi \u0161ie Asmens duomenys: vardas, pavard\u0117, elektroninio pa\u0161to adresas, telefono numeris, prek\u0117s\/paslaugos pristatymo adresas, am\u017eius\/gimimo metai, IP adresas, prek\u0117s\/paslaugos apmok\u0117jimo duomenys. \u0160iuo tikslu renkam\u0173 asmens duomen\u0173 saugojimo trukm\u0117 yra 5 (penki) metai nuo paskutinio prisijungimo prie paramos rinkimo svetain\u0117s dienos.<\/p>\n\n\n\n<p>3.1.2. Galimyb\u0117s Klientui gr\u0105\u017einti skirt\u0105 param\u0105 tikslu. Tvarkomi \u0161ie Asmens duomenys: vardas, pavard\u0117, telefono numeris, elektroninio pa\u0161to adresas, adresas, am\u017eius, lytis, gimimo data, gyvenamoji vietov\u0117. \u0160iuo tikslu renkam\u0173 asmens duomen\u0173 saugojimo trukm\u0117 yra 5 (penki) metai nuo paskutinio prisijungimo prie paramos rinkimo svetain\u0117s dienos.<\/p>\n\n\n\n<p>3.2. Klientas, kaip Duomen\u0173 subjektas, turi \u0161ias \u017eemiau i\u0161vardytas teises, susijusias su Kliento Asmens duomen\u0173 tvarkymo proced\u016bromis:<\/p>\n\n\n\n<p>3.2.1. gauti i\u0161 Bendrov\u0117s informacij\u0105 apie Kliento Asmens duomen\u0173 tvarkym\u0105, susipa\u017einti su savo Asmens duomenimis ir kaip jie yra tvarkomi;<\/p>\n\n\n\n<p>3.2.2. gauti i\u0161 Bendrov\u0117s informacij\u0105, i\u0161 koki\u0173 \u0161altini\u0173 ir kokie Kliento asmens duomenys surinkti, kokiu tikslu jie tvarkomi, kokiems duomen\u0173 gav\u0117jams teikiami ir buvo teikti bent per paskutinius 1 (vienerius) metus;<\/p>\n\n\n\n<p>3.2.3. reikalauti i\u0161taisyti, sunaikinti Kliento Asmens duomenis arba sustabdyti, i\u0161skyrus saugojim\u0105, savo Asmens duomen\u0173 tvarkymo veiksmus, kai Asmens duomenys tvarkomi nesilaikant Lietuvos Respublikos Asmens duomen\u0173 teisin\u0117s apsaugos \u012fstatymo ir kit\u0173 \u012fstatym\u0173 nuostat\u0173.<\/p>\n\n\n\n<p>3.3. Realizuodamas savo teises, Klientas turi pateikti pas\u0105, asmens tapatyb\u0117s kortel\u0119 arba vairuotojo pa\u017eym\u0117jim\u0105. Bendrov\u0117 neatlygintinai teikia Duomen\u0173 subjektui informacij\u0105 apie tvarkomus Duomen\u0173 subjekto Asmens duomenis kart\u0105 per metus. Klientas, realizuoti savo teises, numatytas 3.2 punkte, gali kreipiantis elektroniniu pa\u0161tu info@katalikutradicija.lt. Bendrov\u0117 turi teis\u0119 koreguoti, keisti, naikinti Asmens duomenis arba stabdyti Asmens duomen\u0173 tvarkym\u0105 tik identifikavus Kliento, kuris kreip\u0117si, tapatyb\u0119.&nbsp;<\/p>\n\n\n\n<p>3.4. Kliento Asmens duomenys yra neteikiami tretiesiems asmenims, i\u0161skyrus \u0161iuos atvejus:<\/p>\n\n\n\n<p>3.4.1. Kuomet yra gautas Kliento sutikimas, kaip nurodyta \u0161ioje Privatumo politikoje;<\/p>\n\n\n\n<p>3.4.2. Lietuvos Respublikos \u012fstatym\u0173 ir teis\u0117s akt\u0173 numatytais atvejais kompetentingoms institucijoms.<\/p>\n\n\n\n<p>3.4.3. Paramos rinkimo svetain\u0117je paramos rinkimas apdorojamas naudojantis Opay platforma, kurios valdytojas UAB OPAY solutions (M. K. Paco g. 4, LT-10309 Vilnius), tod\u0117l J\u016bs\u0173 asmenin\u0117 informacija, reikalinga mok\u0117jimo \u012fvykdymui ir patvirtinimui, bus perduodama UAB OPAY solutions<\/p>\n\n\n\n<p>3.5. Klientas sutinka, kad jo Asmens duomenys b\u016bt\u0173 perduodami Partneriams vykdant Kliento u\u017esakym\u0105, paramos rinkimo svetain\u0117je, taip pat Bendrovei teikiant Paslaugas Klientui, taip pat Bendrov\u0117s Partneriams, kaip nurodyta 3.4. punkte.<\/p>\n\n\n\n<p>3.6. Jei Klientas nesutinka su Privatumo politika, Klientas netur\u0117s galimyb\u0117s naudotis paramos rinkimo svetain\u0117s paslaugomis.<\/p>\n\n\n\n<p>3.7. Bendrov\u0117 \u012fgyvendina organizacines ir technines priemones, skirtas apsaugoti Asmens duomenis nuo atsitiktinio ar neteis\u0117to sunaikinimo, pakeitimo, atskleidimo, taip pat nuo bet kokio kito neteis\u0117to tvarkymo.<\/p>\n\n\n\n<p>3.8. Klientas sutinka, kad tais atvejais, kai tai b\u016btina pagal kompetenting\u0173 institucij\u0173 nurodymus ir\/ar Kliento Asmens duomenys buvo galimai panaudoti vykdant neteis\u0117t\u0105 veikl\u0105, arba yra pagr\u012fst\u0173 \u012ftarim\u0173 d\u0117l asmens tapatyb\u0117s vagyst\u0117s, d\u0117l kuri\u0173 kompetentingos teis\u0117saugos institucijos atlieka ikiteismin\u012f tyrim\u0105, arba yra kiti teis\u0117ti pagrindai ar tikslai, jo Asmens duomenys b\u016bt\u0173 saugomi Bendrov\u0117s serveriuose ilgiau, nei nustatyta \u0161ioje Privatumo politikoje.&nbsp;<\/p>\n\n\n\n<p>3.9. Gavusi Duomen\u0173 subjekto nurodym\u0105 ar paklausim\u0105, susijus\u012f su Asmens duomen\u0173 tvarkymu, Bendrov\u0117 pateikia Klientui atsakym\u0105, patenkinant pra\u0161ym\u0105\/nurodym\u0105 arba motyvuotai atsisakant tai padaryti, ne v\u0117liau kaip per 30 (trisde\u0161imt) kalendorini\u0173 dien\u0173 nuo Duomen\u0173 subjekto kreipimosi datos. Jeigu Duomen\u0173 subjektas pageidauja, atsakymas turi b\u016bti pateiktas ra\u0161tu.&nbsp;<\/p>\n\n\n\n<p>3.10. Tam, kad paramos rinkimo svetain\u0117je Bendrov\u0117 gal\u0117t\u0173 pasi\u016blyti Klientui visavertes paslaugas, Kliento sutikimu Kliento kompiuteryje (\u012frenginyje) \u012fra\u0161oma informacija Slapukai (angl.&nbsp;<em>cookies<\/em>), kuri naudojama Kliento, kaip ankstesnio paramos rinkimo svetain\u0117s naudotojo, atpa\u017einimui, renkant svetain\u0117s lankomumo ir paramos skyrimo statistik\u0105. Klientas bet kada gali per\u017ei\u016br\u0117ti, kokie Slapukai yra \u012fra\u0161omi, ir gali i\u0161trinti dal\u012f ar visus \u012fra\u0161ytus Slapukus.<\/p>\n\n\n\n<p>3.11. Nor\u0117dami daugiau su\u017einoti apie slapukus, pavyzd\u017eiui, kaip juos valdyti ar i\u0161trinti, galite apsilankyti www.allaboutcookies.org.<\/p>\n\n\n\n<p><strong>4. KITOS NUOSTATOS<\/strong><\/p>\n\n\n\n<p>4.1. Bendrov\u0117 turi teis\u0119 keisti, papildyti \u201ePrivatumo politik\u0105\u201c visi\u0161kai ar i\u0161 dalies. Privatumo politikos papildymai ar pakeitimai \u012fsigalioja nuo j\u0173 paskelbimo dienos.<\/p>\n\n\n\n<p>4.2. I\u0161kilus klausimams kreipkit\u0117s \u0161iais kontaktais: info@katalikutradicija.lt.<\/p>\n","protected":false},"excerpt":{"rendered":"<p>PRIVATUMO POLITIKA 1. PAGRINDIN\u0116S S\u0104VOKOS 1.1. Bendrov\u0117 arba Asmens duomen\u0173 valdytojas \u2013 V\u0161\u012e Tradicija, pagal Lietuvos Respublikos \u012fstatymus \u012fsteigta ir veikianti vie\u0161oji \u012fstaiga, kurios juridinio asmens kodas 306219114, buvein\u0117s adresas Mol\u0117t\u0173 g. 3, Levani\u0161kiai, Mol\u0117t\u0173 r. 1.2. Klientas arba Duomen\u0173 subjektas &#8211; fizinis asmuo \u2013 Bendrov\u0117s klientas (tame tarpe tinklapio lankytojai), kurio asmens duomenis renka &hellip;<\/p>\n<p class=\"read-more\"> <a class=\"\" href=\"https:\/\/prisidek.katalikutradicija.lt\/index.php\/privatumo-politika\/\"> <span class=\"screen-reader-text\">Privatumo politika<\/span> Skaityti daugiau &raquo;<\/a><\/p>\n","protected":false},"author":1,"featured_media":0,"parent":0,"menu_order":0,"comment_status":"closed","ping_status":"closed","template":"","meta":{"inline_featured_image":false,"site-sidebar-layout":"default","site-content-layout":"default","ast-global-header-display":"","ast-main-header-display":"","ast-hfb-above-header-display":"","ast-hfb-below-header-display":"","ast-hfb-mobile-header-display":"","site-post-title":"","ast-breadcrumbs-content":"","ast-featured-img":"","footer-sml-layout":"","theme-transparent-header-meta":"","adv-header-id-meta":"","stick-header-meta":"","header-above-stick-meta":"","header-main-stick-meta":"","header-below-stick-meta":"","footnotes":""},"class_list":["post-13","page","type-page","status-publish","hentry"],"_links":{"self":[{"href":"https:\/\/prisidek.katalikutradicija.lt\/index.php\/wp-json\/wp\/v2\/pages\/13","targetHints":{"allow":["GET"]}}],"collection":[{"href":"https:\/\/prisidek.katalikutradicija.lt\/index.php\/wp-json\/wp\/v2\/pages"}],"about":[{"href":"https:\/\/prisidek.katalikutradicija.lt\/index.php\/wp-json\/wp\/v2\/types\/page"}],"author":[{"embeddable":true,"href":"https:\/\/prisidek.katalikutradicija.lt\/index.php\/wp-json\/wp\/v2\/users\/1"}],"replies":[{"embeddable":true,"href":"https:\/\/prisidek.katalikutradicija.lt\/index.php\/wp-json\/wp\/v2\/comments?post=13"}],"version-history":[{"count":8,"href":"https:\/\/prisidek.katalikutradicija.lt\/index.php\/wp-json\/wp\/v2\/pages\/13\/revisions"}],"predecessor-version":[{"id":135,"href":"https:\/\/prisidek.katalikutradicija.lt\/index.php\/wp-json\/wp\/v2\/pages\/13\/revisions\/135"}],"wp:attachment":[{"href":"https:\/\/prisidek.katalikutradicija.lt\/index.php\/wp-json\/wp\/v2\/media?parent=13"}],"curies":[{"name":"wp","href":"https:\/\/api.w.org\/{rel}","templated":true}]}}